st the prime factors of q(m).
2, 3, 7
Let k be 8*(-4)/(-8) + -2 + 516. Suppose 0*r - 7*r = -k. List the prime factors of r.
2, 37
Let j be (-86)/8 + 6/8. List the prime factors of 350/15*(-24)/j.
2, 7
Suppose -19*r + 16 = -17*r. Suppose 6*o + 162 = r*o. List the prime factors of o.
3
Suppose 5*c - 3*l = -9, -5*l = -1 - 14. Suppose c*g + 15 = 3*g. Suppose -24 - 16 = -g*m. List the prime factors of m.
2
Let v(b) = -541*b - 1. Let i be v(-1). Suppose -l = -5*l - 5*g + 435, -5*l = 5*g - i. Let r = 178 - l. What are the prime factors of r?
73
Let x(y) = 15*y + 68. Let k(l) = 30*l + 135. Let g(t) = 3*k(t) - 5*x(t). List the prime factors of g(12).
5, 7
Let h = 16 + -13. Suppose 3*j - 12 = 2*u - j, 0 = -h*u + 4*j - 12. Suppose 4*l - 2*l - 12 = u. List the prime factors of l.
2, 3
Suppose 0 = 28*x + 5*x - 113355. What are the prime factors of x?
3, 5, 229
Suppose 14 - 2 = 3*w. Suppose -k - w*k = 0. Suppose 4*r - 3*y + 0*y - 98 = 0, k = -r - 2*y + 19. List the prime factors of r.
23
Suppose -2*f - 9*l + 1917 = -8*l, 4*f - 3*l - 3839 = 0. List the prime factors of f.
7, 137
Suppose -2*z - 55 = 3*z. Let v(t) = -t**3 - 12*t**2 - 12*t - 3. Let w be v(z). List the prime factors of 384/10 + w/(-20).
2, 19
Let q(k) = -7*k**2 - 11*k + 4. Let v(a) = 2*a**2 + 3*a - 1. Let h(d) = 6*q(d) + 22*v(d). Suppose 4*n - 2*n = -10. List the prime factors of h(n).
2, 13
Suppose -11*r + 13*r - 2604 = 0. What are the prime factors of r?
2, 3, 7, 31
Let p be (-1205)/(-45) + 4/18. Let u = 43 - p. Suppose -19*y = -u*y - 75. What are the prime factors of y?
5
Suppose 0 = 4*d - 151 + 11. Let o be (-2 - (-22)/10)*d. Suppose -n + 74 = o. What are the prime factors of n?
67
Suppose -5*m + 20*r - 16*r + 1603 = 0, 0 = 4*m + 5*r - 1307. What are the prime factors of m?
17, 19
Suppose 172 = 6*c - 2360. What are the prime factors of c?
2, 211
What are the prime factors of (-18326)/44*(-1 - 1)?
7, 17
Suppose -2 = -3*m + 3*w + 13, -2*m - 4*w = -16. Suppose 0*t = -m*t + 654. What are the prime factors of t?
109
Let h(g) = 12*g - 7. Suppose -3*t + 8 = 20. Let q be h(t). Let v = 107 + q. List the prime factors of v.
2, 13
Suppose 10462 = -2*a + 7*a - 4*h, 4*a + 5*h = 8386. List the prime factors of a.
2, 3, 349
Let s(b) = -3*b - 8. Let o be s(-4). Let p be (-4)/(-18) + (-75)/(-27). Suppose -2*u - v = -o*u + 20, 32 = p*u - 2*v. List the prime factors of u.
2
Suppose 0 = -2*b + 13 + 143. What are the prime factors of b?
2, 3, 13
Suppose 271*h = 280*h - 12024. List the prime factors of h.
2, 167
Let k be -4 + 3 + 8/2. Let b be 3 + (-7)/(-3) - (-4)/(-12). Suppose -k*x + b*x = 108. List the prime factors of x.
2, 3
Let d be (0/(-3) + 0)/(-2). Let t = 38 - 30. Suppose 5*s + t = g - 17, d = -3*g + 3*s + 87. List the prime factors of g.
2, 3, 5
Let j = 650 - 211. What are the prime factors of j?
439
Suppose 25 + 11 = 3*y. What are the prime factors of 3/y + 27/4?
7
Suppose 0 = -y + 59 + 44. List the prime factors of y.
103
Let i = -72 + 127. Let f = i - 24. What are the prime factors of f?
31
Let r(q) = 201*q**2 + 0*q - 13 - 3*q - 200*q**2. What are the prime factors of r(-6)?
41
Let v(m) = -18*m**2 - 20*m + 32. Let l(w) = -7*w**2 - 8*w + 13. Let z(t) = 12*l(t) - 5*v(t). List the prime factors of z(3).
2, 31
Let c(d) = d**2 + 3*d + 4. Let t be c(-4). Suppose t*f = 3*f + 155. Let y = f + -11. List the prime factors of y.
2, 5
Suppose -5*w = -o - 8*w - 1, 4*w + 2 = -2*o. Let m be (-356 - o) + (-1 - -2). List the prime factors of (12/36)/((-2)/m).
59
Let w(f) be the second derivative of f**5/20 - 7*f**4/6 - 17*f**3/6 - 2*f**2 - 26*f. List the prime factors of w(16).
2, 59
Let h(s) = s - 1. Let m(f) = -5*f + 31. Suppose -2*x = 2*x - 16. Let j(l) = x*h(l) + m(l). List the prime factors of j(0).
3
Let x(q) = 4*q + 23. Let a be x(16). Let d = a - -4. List the prime factors of d.
7, 13
Let f be ((-5)/4)/(2/(-8)). Suppose -p - 2*k + 31 = -7*k, 3*p = k + 23. Suppose -p*y = -y + f*i - 180, 2 = i. What are the prime factors of y?
2, 17
Let m = -3 + 13. Let r be (-2)/(-5) + (-64)/m. List the prime factors of (-435)/(-10)*r/(-9).
29
Suppose -4*y - y + 1094 = -q, y = -4*q + 202. Let b = y + -153. What are the prime factors of b?
5, 13
Let c be -3*(152/3)/2. Let l = c - -125. Let n = l - -12. List the prime factors of n.
61
Suppose 3*x - 5971 = 4*q, 0 = 4*x - 5*q - 3173 - 4788. What are the prime factors of x?
3, 13, 17
Let b = -2807 - -4695. What are the prime factors of b?
2, 59
Suppose -h = 3*h - 4. Let s(g) = 9*g - 4. What are the prime factors of s(h)?
5
Let o be ((-2)/(-3))/((-16)/(-312)). Suppose o*r + 110 = 15*r. What are the prime factors of r?
5, 11
Let r be 2 + 1 - (7 - 528). List the prime factors of (21/4)/(-4 + r/128).
2, 7
Let m(s) = s**3 + 20*s**2 - 34*s + 37. List the prime factors of m(-20).
3, 239
Let r be 7*(104/(-28) + 3 - -1). Let c(k) = 29*k - 14. List the prime factors of c(r).
2, 11
Suppose 3*k - 8 = -s - 2, 24 = 4*s - 3*k. Suppose -s*v + 3*v + 177 = 0. What are the prime factors of v?
59
Let l(p) = -p**3 + 14*p**2 + 32*p + 5. Let f be l(16). Suppose 120 = f*z + 20. List the prime factors of z.
2, 5
Let r(h) = 4*h**2 + 53*h - 8. What are the prime factors of r(-26)?
2, 659
Suppose w = -5*w + 480. Let g be 2/3*(-210)/(6/(-3)). Suppose 3*f - w = g. List the prime factors of f.
2, 5
Suppose 4*r + 5*z - 27 = 3*r, -2*r = -5*z - 39. List the prime factors of 6/33 - (-1140)/r.
2, 13
What are the prime factors of (-55)/(-22)*(-2 - -1584)?
5, 7, 113
Suppose 0 = -3*h - 213 + 3495. List the prime factors of h.
2, 547
Let p(f) = 11*f**2 + 9*f - 36. What are the prime factors of p(9)?
2, 3, 13
Let a be 14/(-21)*6*(-6)/(-4). Let y(g) be the first derivative of -3*g**2/2 - 1. List the prime factors of y(a).
2, 3
Suppose -5*n = 5*a - 1725, -2*n - 5*a + 128 = -571. What are the prime factors of n?
2, 3, 19
Let b be 3/(-1 + (1 - -1)). Suppose -b*s - 4 + 31 = 0. List the prime factors of -1 + s/((-27)/(-66)).
3, 7
Suppose -4424 = -3*b - 4*r, -3*b + 5978 - 1566 = -2*r. What are the prime factors of b?
2, 23
Let j(p) = p**3 + 6*p**2 - 7*p + 4. Let i be j(-7). Suppose -i*x - 160 = -688. List the prime factors of x.
2, 3, 11
Suppose -4*s + d = -2839, -22*s + 21*s + 697 = 4*d. What are the prime factors of s?
709
Let f(t) be the second derivative of t**5/20 - 5*t**4/12 - 5*t**3/6 + t**2 - 4*t. Let y = 5 - -1. What are the prime factors of f(y)?
2
Let j = -2 - 12. Let i = j - -50. What are the prime factors of i?
2, 3
Let j(r) be the first derivative of r**3/3 - 2*r**2 - 6*r + 14. What are the prime factors of j(11)?
71
Let l = -277 - -1029. What are the prime factors of l?
2, 47
Suppose 0 = -4*q + 110 + 58. Let t(w) = -w**3 - 13*w**2 + 13*w - 10. Let x be t(-14). Suppose q = x*p - p. List the prime factors of p.
2, 7
Let l(q) = -162*q - 16. List the prime factors of l(-3).
2, 5, 47
Let j(o) = 568*o - 28. List the prime factors of j(2).
2, 277
Suppose x = -2, -3*z - z + 4*x = -28. Suppose z*i - 6*i + 90 = 0. List the prime factors of i.
2, 3, 5
Let s be (-190)/15*(-3)/(-2). Let j = s + 16. What are the prime factors of (j/2)/((-1)/4)?
2, 3
Let l = 39 - 42. What are the prime factors of (-2)/l*21/2?
7
Let o(b) be the first derivative of -b**4/4 - 26*b**3/3 - 25*b**2 - 13*b + 27. List the prime factors of o(-24).
5, 7
Let p = -692 + 1429. What are the prime factors of p?
11, 67
Let y(u) be the first derivative of u**2 + 6*u - 12. List the prime factors of y(17).
2, 5
Suppose -o + 112 = 3*w - 9, 0 = 5*w - 5. Suppose 256 = 4*b - p - o, p = 2*b - 188. List the prime factors of b.
3, 31
Let c = 71 + -55. Suppose -3*w - 28 = -3*p + w, -3*p + w + c = 0. List the prime factors of p.
2
Let i be 4/(2 + 0/5). Suppose -2*t = -48 - i. List the prime factors of t.
5
Suppose -s - 375 = -2*w, 69*s = -3*w + 66*s + 585. List the prime factors of w.
2, 5, 19
Let m = -42 - -45. What are the prime factors of ((-2)/m)/(9/(-216))?
2
Let o = -25 - -27. Suppose 5*u - 3*h - 300 = 0, o*u + 2*u + 4*h = 208. List the prime factors of u.
3, 19
Let d(a) = 4*a**3 - 2*a**2 - 2*a + 3. Suppose 5 = 2*n - 4*n - c, -4*n + c - 13 = 0. Let i = n + 5. What are the prime factors of d(i)?
23
Suppose -163*h + 18*h = -294060. List the prime factors of h.
2, 3, 13
Let y = -3144 - -5393. List the prime factors of y.
13, 173
Suppose 7 - 16 = -3*n. Suppose 0 = 